{"id":396,"date":"2016-09-21T12:06:59","date_gmt":"2016-09-21T17:06:59","guid":{"rendered":"http:\/\/www.clinicalatino.med.ec\/index.php\/mision-y-vision\/"},"modified":"2016-09-21T12:08:17","modified_gmt":"2016-09-21T17:08:17","slug":"valores-institucionales","status":"publish","type":"page","link":"https:\/\/www.clinicalatino.med.ec\/www\/valores-institucionales\/","title":{"rendered":"Valores institucionales"},"content":{"rendered":"<p>La filosof\u00eda de una entidad de salud debe fundamentarse en que la medicina es un cometido moral, una profesi\u00f3n cuyos miembros comulgan con una serie de principios v\u00e1lidos desde hace mucho tiempo, como el respeto hacia los dem\u00e1s, la empat\u00eda, la compasi\u00f3n, la honestidad y la integridad, el altruismo y la excelencia profesional.<\/p>\n<p>El concepto de profesionalismo m\u00e9dico encuentra sus ra\u00edces en estos principios, constituyendo los fundamentos de un contrato colectivo con la sociedad que tradicionalmente ha hecho de la medicina algo diferente de otras profesiones u ocupaciones.<\/p>\n<ul>\n<li><strong>Respeto<\/strong>: Se entiende por respeto que todas las personas son iguales y merecen el mejor servicio, por lo que el personal de una entidad de salud debe comprometerse a respetar la dignidad de las personas y atender sus necesidades teniendo en cuenta en todo momento sus derechos.<\/li>\n<li><strong>Compasi\u00f3n<\/strong>: Solidaridad por tomar en nuestras manos los problemas ajenos\u00a0 haci\u00e9ndolos propios; comprensi\u00f3n porque al ponernos en el lugar de los otros, descubrimos el valor de la ayuda desinteresada<\/li>\n<li><strong>Empat\u00eda<\/strong>: Es la capacidad de todo el personal de ser sociable, de establecer buenas relaciones interpersonales. Este valor nos permite relacionarnos con las personas con facilidad y agrado.<\/li>\n<li><strong>Integridad<\/strong>: Hace de los integrantes de Latino Cl\u00ednica, personas correctas educadas, atentas, probas, \u00e9ticas e intachables<\/li>\n<li><strong>Altruismo<\/strong>: Hacer el bien a los dem\u00e1s, a\u00fan a costa del provecho propio.<\/li>\n<li><strong>Honestidad<\/strong>: Es la conducta recta, honrada que lleva a observar normas y compromisos as\u00ed como actuar con la verdad, lo que denota sinceridad y correspondencia entre lo que se hace, lo que se piensa, lo que se dice o se ha dicho.<\/li>\n<li><strong>Profesionalismo<\/strong>: Se refiere a la responsabilidad, seriedad, constancia, involucramiento, entrega, dedicaci\u00f3n y esmero que cada integrante del equipo de trabajo de Latino Cl\u00ednica debe imprimir a sus funciones y tareas buscando sumarse a la misi\u00f3n institucional.<\/li>\n<\/ul>\n<p>Estos valores son especialmente particulares en CLINICA LATINO debido a la naturaleza de su actividad, en donde sus integrantes tanto\u00a0 internos como externos se encuentran\u00a0 sometidos a presiones y niveles de estr\u00e9s muy grandes que vuelven a\u00fan m\u00e1s sensibles los niveles de racionalidad y tolerancia de los mismos<\/p>\n","protected":false},"excerpt":{"rendered":"<p>La filosof\u00eda de una entidad de salud debe fundamentarse en que la medicina es un cometido moral, una profesi\u00f3n cuyos miembros comulgan con una serie de principios v\u00e1lidos desde hace mucho tiempo, como el respeto hacia los dem\u00e1s, la empat\u00eda, la compasi\u00f3n, la honestidad y la integridad, el altruismo y la excelencia profesional. El concepto [&hellip;]<\/p>\n","protected":false},"author":8,"featured_media":0,"parent":0,"menu_order":0,"comment_status":"closed","ping_status":"closed","template":"fullwidth-template.php","meta":{"jetpack_post_was_ever_published":false,"footnotes":""},"class_list":["post-396","page","type-page","status-publish","hentry"],"jetpack_sharing_enabled":true,"jetpack_shortlink":"https:\/\/wp.me\/P8if3c-6o","jetpack-related-posts":[],"_links":{"self":[{"href":"https:\/\/www.clinicalatino.med.ec\/www\/wp-json\/wp\/v2\/pages\/396"}],"collection":[{"href":"https:\/\/www.clinicalatino.med.ec\/www\/wp-json\/wp\/v2\/pages"}],"about":[{"href":"https:\/\/www.clinicalatino.med.ec\/www\/wp-json\/wp\/v2\/types\/page"}],"author":[{"embeddable":true,"href":"https:\/\/www.clinicalatino.med.ec\/www\/wp-json\/wp\/v2\/users\/8"}],"replies":[{"embeddable":true,"href":"https:\/\/www.clinicalatino.med.ec\/www\/wp-json\/wp\/v2\/comments?post=396"}],"version-history":[{"count":3,"href":"https:\/\/www.clinicalatino.med.ec\/www\/wp-json\/wp\/v2\/pages\/396\/revisions"}],"predecessor-version":[{"id":399,"href":"https:\/\/www.clinicalatino.med.ec\/www\/wp-json\/wp\/v2\/pages\/396\/revisions\/399"}],"wp:attachment":[{"href":"https:\/\/www.clinicalatino.med.ec\/www\/wp-json\/wp\/v2\/media?parent=396"}],"curies":[{"name":"wp","href":"https:\/\/api.w.org\/{rel}","templated":true}]}}